thousands digit of 99050?
9
What is the hundreds digit of 1138431?
4
What is the hundred thousands digit of 171939?
1
What is the hundreds digit of 327519?
5
What is the units digit of 258360?
0
What is the hundreds digit of 724676?
6
What is the units digit of 37533592?
2
What is the units digit of 432194?
4
What is the hundreds digit of 292534?
5
What is the hundreds digit of 627693?
6
What is the thousands digit of 2366002?
6
What is the thousands digit of 190192?
0
What is the hundreds digit of 2660432?
4
What is the units digit of 287488?
8
What is the units digit of 5287639?
9
What is the units digit of 25015019?
9
What is the tens digit of 33026248?
4
What is the units digit of 618111?
1
What is the hundred thousands digit of 140951?
1
What is the thousands digit of 17796436?
6
What is the ten millions digit of 16315780?
1
What is the millions digit of 2229019?
2
What is the hundreds digit of 14362722?
7
What is the hundreds digit of 2213087?
0
What is the units digit of 1041781?
1
What is the hundred thousands digit of 465090?
4
What is the units digit of 869677?
7
What is the ten thousands digit of 6215448?
1
What is the tens digit of 248020?
2
What is the millions digit of 9412276?
9
What is the units digit of 28101901?
1
What is the thousands digit of 456054?
6
What is the tens digit of 1869814?
1
What is the millions digit of 19198468?
9
What is the hundreds digit of 737781?
7
What is the hundreds digit of 1225707?
7
What is the ten thousands digit of 5660039?
6
What is the millions digit of 5071595?
5
What is the tens digit of 3385?
8
What is the ten thousands digit of 9786222?
8
What is the thousands digit of 3429305?
9
What is the hundreds digit of 483786?
7
What is the millions digit of 2168512?
2
What is the ten thousands digit of 14055587?
5
What is the hundreds digit of 283000?
0
What is the ten thousands digit of 117171?
1
What is the ten thousands digit of 337675?
3
What is the ten thousands digit of 1734681?
3
What is the ten thousands digit of 6790953?
9
What is the tens digit of 941041?
4
What is the hundred thousands digit of 2155479?
1
What is the units digit of 205267?
7
What is the thousands digit of 2375188?
5
What is the units digit of 2129556?
6
What is the units digit of 6406732?
2
What is the ten thousands digit of 169951?
6
What is the millions digit of 5877373?
5
What is the units digit of 9771722?
2
What is the millions digit of 6385950?
6
What is the ten thousands digit of 5538580?
3
What is the hundreds digit of 12750108?
1
What is the hundred thousands digit of 672397?
6
What is the units digit of 1007082?
2
What is the ten thousands digit of 4146166?
4
What is the units digit of 264493?
3
What is the ten thousands digit of 10776432?
7
What is the millions digit of 2216001?
2
What is the tens digit of 16086423?
2
What is the hundreds digit of 120725?
7
What is the hundreds digit of 2039873?
8
What is the hundreds digit of 2139200?
2
What is the tens digit of 228872?
7
What is the ten thousands digit of 4074432?
7
What is the thousands digit of 123165?
3
What is the ten millions digit of 11113353?
1
What is the hundred thousands digit of 164574?
1
What is the hundreds digit of 4810773?
7
What is the hundreds digit of 107922?
9
What is the tens digit of 1483778?
7
What is the tens digit of 390980?
8
What is the hundreds digit of 336921?
9
What is the tens digit of 155891?
9
What is the millions digit of 1344475?
1
What is the hundred thousands digit of 270663?
2
What is the hundreds digit of 376428?
4
What is the ten thousands digit of 3893841?
9
What is the tens digit of 1520452?
5
What is the ten thousands digit of 438987?
3
What is the ten thousands digit of 89843?
8
What is the hundreds digit of 5232617?
6
What is the hundreds digit of 2589248?
2
What is the millions digit of 5546066?
5
What is the ten thousands digit of 425446?
2
What is the thousands digit of 6780016?
0
What is the thousands digit of 1742559?
2
What is the tens digit of 1137107?
0
What is the units digit of 225740?
0
What is the hundreds digit of 1449148?
1
What is the thousands digit of 7081955?
1
What is the hundred thousands digit of 2059040?
0
What is the hundreds digit of 835891?
8
What is the thousands digit of 119746?
9
What is the tens digit of 338880?
8
What is the units digit of 123174?
4
What is the tens digit of 247280?
8
What is the ten thousands digit of 14798?
1
What is the hundred thousands digit of 891208?
8
What is the tens digit of 1176793?
9
What is the units digit of 2805440?
0
What is the hundreds digit of 3197558?
5
What is the thousands digit of 372463?
2
What is the hundreds digit of 21852179?
1
What is the hundreds digit of 144057?
0
What is the tens digit of 4649238?
3
What is the units digit of 10540004?
4
What is the hundred thousands digit of 882652?
8
What is the ten thousands digit of 87675?
8
What is the tens digit of 85666?
6
What is the hundreds digit of 2460058?
0
What is the tens digit of 1221017?
1
What is the ten thousands digit of 268455?
6
What is the ten thousands digit of 3174238?
7
What is the ten millions digit of 12379319?
1
What is the ten thousands digit of 8131984?
3
What is the thousands digit of 5056717?
6
What is the millions digit of 3636612?
3
What is the hundreds digit of 6533886?
8
What is the ten thousands digit of 594690?
9
What is the ten thousands digit of 3623341?
2
What is the units digit of 15176311?
1
What is the hundred thousands digit of 1195179?
1
What is the hundred thousands digit of 280728?
2
What is the ten millions digit of 12590485?
1
What is the ten thousands digit of 91018?
9
What is the ten thousands digit of 272892?
7
What is the ten thousands digit of 331477?
3
What is the hundreds digit of 670506?
5
What is the ten millions digit of 36599783?
3
What is the ten thousands digit of 1180149?
8
What is the hundred thousands digit of 396645?
3
What is the millions digit of 3211672?
3
What is the thousands digit of 58518?
8
What is the tens digit of 1259827?
2
What is the ten thousands digit of 15979495?
7
What is the tens digit of 526118?
1
What is the hundred thousands digit of 1056453?
0
What is the hundred thousands digit of 175165?
1
What is the tens digit of 24181766?
6
What is the thousands digit of 174948?
4
What is the units digit of 3784277?
7
What is the hundred thousands digit of 745047?
7
What is the hundreds digit of 221275?
2
What is the ten millions digit of 10324828?
1
What is the tens digit of 2678052?
5
What is the hundred thousands digit of 23602879?
6
What is the thousands digit of 596784?
6
What is the hundreds digit of 212321?
3
What is the units digit of 190077?
7
What is the hundred thousands digit of 354582?
3
What is the ten thousands digit of 537691?
3
What is the tens digit of 27289643?
4
What is the ten thousands digit of 4266925?
6
What is the millions digit of 4541712?
4
What is the tens digit of 5900394?
9
What is the ten thousands digit of 565514?
6
What is the ten thousands digit of 35809?
3
What is the hundred thousands digit of 38752448?
7
What is the hundred thousands digit of 284293?
2
What is the units digit of 8837840?
0
What is the hundred thousands digit of 837245?
8
What is the thousands digit of 4059044?
9
What is the tens digit of 1933126?
2
What is the thousands digit of 505230?
5
What is the thousands digit of 713408?
3
What is the hundred thousands digit of 2006786?
0
What is the ten thousands digit of 68549?
6
What is the tens digit of 38578?
7
What is the tens digit of 1144472?
7
What is the thousands digit of 69403?
9
What is the tens digit of 5527799?
9
What is the hundreds digit of 333772?
7
What is the ten thousands digit of 7157949?
5
What is the thousands digit of 2132920?
2
What is the ten thousands digit of 9427037?
2
What is the thousands digit of 299704?
9
What is the tens digit of 82520?
2
What is the tens digit of 6785410?
1
What is the hundred thousands digit of 304213?
3
What is the thousands digit of 137200?
7
What is the ten thousands digit of 1318530?
1
What is the units digit of 1021835?
5
What is the hundreds digit of 7834385?
3
What is the thousands digit of 6686672?
6
What is the tens digit of 472975?
7
What is the tens digit of 560833?
3
What is the millions digit of 11967890?
1
What is 